{"id":468,"date":"2022-07-28T15:03:40","date_gmt":"2022-07-28T15:03:40","guid":{"rendered":"https:\/\/showmeyourfriends.org\/candidate\/mike-garcia\/"},"modified":"2024-06-26T14:16:47","modified_gmt":"2024-06-26T14:16:47","slug":"mike-garcia","status":"publish","type":"candidate","link":"https:\/\/showmeyourfriends.org\/es\/candidate\/mike-garcia\/","title":{"rendered":"Mike Garcia"},"content":{"rendered":"<p><span style=\"font-weight: 400;\">El congresista republicano Mike Garc\u00eda intenta mantener su esca\u00f1o luego de que el distrito que representa fue redistribuido parta convertirse en el distrito 27. Pero a pesar de representar a una regi\u00f3n diversa donde los <\/span><a href=\"https:\/\/www2.census.gov\/geo\/maps\/cong_dist\/cd118\/cd_based\/ST06\/CD118_CA27.pdf\" target=\"_blank\" rel=\"noopener\"><span style=\"font-weight: 400;\">latinos representan casi el 44% de los residentes<\/span><\/a><span style=\"font-weight: 400;\">, Garc\u00eda ha repetido las mismas conspiraciones racistas de \u2018invasi\u00f3n\u2019 empleadas por los asesinos en masa que perpetraron ataques racistas en El Paso en 2019 y Buffalo en 2022. Tras ganar por primera vez una elecci\u00f3n especial en mayo de 2020, Garc\u00eda vot\u00f3 en contra de certificar la elecci\u00f3n general de ese a\u00f1o a pesar del violento ataque contra el Capitolio federal el 6 de enero de 2021 y a la total falta de evidencia de fraude en esa elecci\u00f3n presidencial. Luego vot\u00f3 en contra de la<\/span><a href=\"https:\/\/clerk.house.gov\/Votes\/202191\" target=\"_blank\" rel=\"noopener\"><span style=\"font-weight: 400;\"> Ley del Sue\u00f1o y la Promesa<\/span><\/a><span style=\"font-weight: 400;\"> y la <\/span><a href=\"https:\/\/clerk.house.gov\/Votes\/202193\" target=\"_blank\" rel=\"noopener\"><span style=\"font-weight: 400;\">Ley de Modernizaci\u00f3n de la Fuerza Laboral <\/span><\/a><span style=\"font-weight: 400;\">Agr\u00edcola de 2021, que habr\u00edan colocado a los Dreamers y a los trabajadores agr\u00edcolas en ruta a la ciudadan\u00eda. En el Congreso actual, Garc\u00eda sigue fall\u00e1ndole a sus electores al darle su voto a sus colegas extremistas.<\/span><\/p>\n","protected":false},"excerpt":{"rendered":"<p>El congresista republicano Mike Garc\u00eda intenta mantener su esca\u00f1o luego de que el distrito que representa fue redistribuido parta convertirse en el distrito 27. Pero a pesar de representar a una regi\u00f3n diversa donde los latinos representan casi el 44% de los residentes, Garc\u00eda ha repetido las mismas conspiraciones racistas de \u2018invasi\u00f3n\u2019 empleadas por los &hellip; <\/p>\n<p class=\"link-more\"><a href=\"https:\/\/showmeyourfriends.org\/es\/candidate\/mike-garcia\/\" class=\"more-link\">Continue reading<span class=\"screen-reader-text\"> \u00abMike Garcia\u00bb<\/span><\/a><\/p>\n","protected":false},"featured_media":447,"template":"","class_list":["post-468","candidate","type-candidate","status-publish","has-post-thumbnail","hentry"],"acf":[],"yoast_head":"<title>Mike Garcia | Dime con qui\u00e9n andas, y te dir\u00e9 qui\u00e9n eres<\/title>\n<meta name=\"robots\" content=\"index, follow, max-snippet:-1, max-image-preview:large, max-video-preview:-1\" \/>\n<link rel=\"canonical\" href=\"https:\/\/showmeyourfriends.org\/es\/candidate\/mike-garcia\/\" \/>\n<meta property=\"og:locale\" content=\"es_ES\" \/>\n<meta property=\"og:type\" content=\"article\" \/>\n<meta property=\"og:title\" content=\"Mike Garcia | Dime con qui\u00e9n andas, y te dir\u00e9 qui\u00e9n eres\" \/>\n<meta property=\"og:description\" content=\"El congresista republicano Mike Garc\u00eda intenta mantener su esca\u00f1o luego de que el distrito que representa fue redistribuido parta convertirse en el distrito 27. Pero a pesar de representar a una regi\u00f3n diversa donde los latinos representan casi el 44% de los residentes, Garc\u00eda ha repetido las mismas conspiraciones racistas de \u2018invasi\u00f3n\u2019 empleadas por los &hellip; Continue reading &quot;Mike Garcia&quot;\" \/>\n<meta property=\"og:url\" content=\"https:\/\/showmeyourfriends.org\/es\/candidate\/mike-garcia\/\" \/>\n<meta property=\"og:site_name\" content=\"Dime con qui\u00e9n andas, y te dir\u00e9 qui\u00e9n eres\" \/>\n<meta property=\"article:publisher\" content=\"https:\/\/www.facebook.com\/americasvoice\" \/>\n<meta property=\"article:modified_time\" content=\"2024-06-26T14:16:47+00:00\" \/>\n<meta property=\"og:image\" content=\"https:\/\/showmeyourfriends.org\/wp-content\/uploads\/2022\/07\/Mike_Garcia-scaled-e1719411403383-1200x800.jpg\" \/>\n\t<meta property=\"og:image:width\" content=\"1200\" \/>\n\t<meta property=\"og:image:height\" content=\"800\" \/>\n\t<meta property=\"og:image:type\" content=\"image\/jpeg\" \/>\n<meta name=\"twitter:card\" content=\"summary_large_image\" \/>\n<meta name=\"twitter:site\" content=\"@americasvoice\" \/>\n<meta name=\"twitter:label1\" content=\"Tiempo de lectura\" \/>\n\t<meta name=\"twitter:data1\" content=\"1 minuto\" \/>\n<script type=\"application\/ld+json\" class=\"yoast-schema-graph\">{\"@context\":\"https:\/\/schema.org\",\"@graph\":[{\"@type\":\"WebPage\",\"@id\":\"https:\/\/showmeyourfriends.org\/es\/candidate\/mike-garcia\/\",\"url\":\"https:\/\/showmeyourfriends.org\/es\/candidate\/mike-garcia\/\",\"name\":\"Mike Garcia | Dime con qui\u00e9n andas, y te dir\u00e9 qui\u00e9n eres\",\"isPartOf\":{\"@id\":\"https:\/\/showmeyourfriends.org\/es\/#website\"},\"primaryImageOfPage\":{\"@id\":\"https:\/\/showmeyourfriends.org\/es\/candidate\/mike-garcia\/#primaryimage\"},\"image\":{\"@id\":\"https:\/\/showmeyourfriends.org\/es\/candidate\/mike-garcia\/#primaryimage\"},\"thumbnailUrl\":\"https:\/\/showmeyourfriends.org\/wp-content\/uploads\/2022\/07\/Mike_Garcia-scaled-e1719411403383.jpg\",\"datePublished\":\"2022-07-28T15:03:40+00:00\",\"dateModified\":\"2024-06-26T14:16:47+00:00\",\"breadcrumb\":{\"@id\":\"https:\/\/showmeyourfriends.org\/es\/candidate\/mike-garcia\/#breadcrumb\"},\"inLanguage\":\"es\",\"potentialAction\":[{\"@type\":\"ReadAction\",\"target\":[\"https:\/\/showmeyourfriends.org\/es\/candidate\/mike-garcia\/\"]}]},{\"@type\":\"ImageObject\",\"inLanguage\":\"es\",\"@id\":\"https:\/\/showmeyourfriends.org\/es\/candidate\/mike-garcia\/#primaryimage\",\"url\":\"https:\/\/showmeyourfriends.org\/wp-content\/uploads\/2022\/07\/Mike_Garcia-scaled-e1719411403383.jpg\",\"contentUrl\":\"https:\/\/showmeyourfriends.org\/wp-content\/uploads\/2022\/07\/Mike_Garcia-scaled-e1719411403383.jpg\",\"width\":1293,\"height\":1293},{\"@type\":\"BreadcrumbList\",\"@id\":\"https:\/\/showmeyourfriends.org\/es\/candidate\/mike-garcia\/#breadcrumb\",\"itemListElement\":[{\"@type\":\"ListItem\",\"position\":1,\"name\":\"Home\",\"item\":\"https:\/\/showmeyourfriends.org\/es\/\"},{\"@type\":\"ListItem\",\"position\":2,\"name\":\"Mike Garcia\"}]},{\"@type\":\"WebSite\",\"@id\":\"https:\/\/showmeyourfriends.org\/es\/#website\",\"url\":\"https:\/\/showmeyourfriends.org\/es\/\",\"name\":\"Dime con qui\u00e9n andas, y te dir\u00e9 qui\u00e9n eres\",\"description\":\"Show me your friends and I will show you who you are\",\"publisher\":{\"@id\":\"https:\/\/showmeyourfriends.org\/es\/#organization\"},\"potentialAction\":[{\"@type\":\"SearchAction\",\"target\":{\"@type\":\"EntryPoint\",\"urlTemplate\":\"https:\/\/showmeyourfriends.org\/es\/?s={search_term_string}\"},\"query-input\":{\"@type\":\"PropertyValueSpecification\",\"valueRequired\":true,\"valueName\":\"search_term_string\"}}],\"inLanguage\":\"es\"},{\"@type\":\"Organization\",\"@id\":\"https:\/\/showmeyourfriends.org\/es\/#organization\",\"name\":\"America's Voice\",\"url\":\"https:\/\/showmeyourfriends.org\/es\/\",\"logo\":{\"@type\":\"ImageObject\",\"inLanguage\":\"es\",\"@id\":\"https:\/\/showmeyourfriends.org\/es\/#\/schema\/logo\/image\/\",\"url\":\"https:\/\/showmeyourfriends.org\/wp-content\/uploads\/2022\/06\/av-logo.png\",\"contentUrl\":\"https:\/\/showmeyourfriends.org\/wp-content\/uploads\/2022\/06\/av-logo.png\",\"width\":3834,\"height\":1939,\"caption\":\"America's Voice\"},\"image\":{\"@id\":\"https:\/\/showmeyourfriends.org\/es\/#\/schema\/logo\/image\/\"},\"sameAs\":[\"https:\/\/www.facebook.com\/americasvoice\",\"https:\/\/x.com\/americasvoice\"]}]}<\/script>","yoast_head_json":{"title":"Mike Garcia | Dime con qui\u00e9n andas, y te dir\u00e9 qui\u00e9n eres","robots":{"index":"index","follow":"follow","max-snippet":"max-snippet:-1","max-image-preview":"max-image-preview:large","max-video-preview":"max-video-preview:-1"},"canonical":"https:\/\/showmeyourfriends.org\/es\/candidate\/mike-garcia\/","og_locale":"es_ES","og_type":"article","og_title":"Mike Garcia | Dime con qui\u00e9n andas, y te dir\u00e9 qui\u00e9n eres","og_description":"El congresista republicano Mike Garc\u00eda intenta mantener su esca\u00f1o luego de que el distrito que representa fue redistribuido parta convertirse en el distrito 27. Pero a pesar de representar a una regi\u00f3n diversa donde los latinos representan casi el 44% de los residentes, Garc\u00eda ha repetido las mismas conspiraciones racistas de \u2018invasi\u00f3n\u2019 empleadas por los &hellip; Continue reading \"Mike Garcia\"","og_url":"https:\/\/showmeyourfriends.org\/es\/candidate\/mike-garcia\/","og_site_name":"Dime con qui\u00e9n andas, y te dir\u00e9 qui\u00e9n eres","article_publisher":"https:\/\/www.facebook.com\/americasvoice","article_modified_time":"2024-06-26T14:16:47+00:00","og_image":[{"width":1200,"height":800,"url":"https:\/\/showmeyourfriends.org\/wp-content\/uploads\/2022\/07\/Mike_Garcia-scaled-e1719411403383-1200x800.jpg","type":"image\/jpeg"}],"twitter_card":"summary_large_image","twitter_site":"@americasvoice","twitter_misc":{"Tiempo de lectura":"1 minuto"},"schema":{"@context":"https:\/\/schema.org","@graph":[{"@type":"WebPage","@id":"https:\/\/showmeyourfriends.org\/es\/candidate\/mike-garcia\/","url":"https:\/\/showmeyourfriends.org\/es\/candidate\/mike-garcia\/","name":"Mike Garcia | Dime con qui\u00e9n andas, y te dir\u00e9 qui\u00e9n eres","isPartOf":{"@id":"https:\/\/showmeyourfriends.org\/es\/#website"},"primaryImageOfPage":{"@id":"https:\/\/showmeyourfriends.org\/es\/candidate\/mike-garcia\/#primaryimage"},"image":{"@id":"https:\/\/showmeyourfriends.org\/es\/candidate\/mike-garcia\/#primaryimage"},"thumbnailUrl":"https:\/\/showmeyourfriends.org\/wp-content\/uploads\/2022\/07\/Mike_Garcia-scaled-e1719411403383.jpg","datePublished":"2022-07-28T15:03:40+00:00","dateModified":"2024-06-26T14:16:47+00:00","breadcrumb":{"@id":"https:\/\/showmeyourfriends.org\/es\/candidate\/mike-garcia\/#breadcrumb"},"inLanguage":"es","potentialAction":[{"@type":"ReadAction","target":["https:\/\/showmeyourfriends.org\/es\/candidate\/mike-garcia\/"]}]},{"@type":"ImageObject","inLanguage":"es","@id":"https:\/\/showmeyourfriends.org\/es\/candidate\/mike-garcia\/#primaryimage","url":"https:\/\/showmeyourfriends.org\/wp-content\/uploads\/2022\/07\/Mike_Garcia-scaled-e1719411403383.jpg","contentUrl":"https:\/\/showmeyourfriends.org\/wp-content\/uploads\/2022\/07\/Mike_Garcia-scaled-e1719411403383.jpg","width":1293,"height":1293},{"@type":"BreadcrumbList","@id":"https:\/\/showmeyourfriends.org\/es\/candidate\/mike-garcia\/#breadcrumb","itemListElement":[{"@type":"ListItem","position":1,"name":"Home","item":"https:\/\/showmeyourfriends.org\/es\/"},{"@type":"ListItem","position":2,"name":"Mike Garcia"}]},{"@type":"WebSite","@id":"https:\/\/showmeyourfriends.org\/es\/#website","url":"https:\/\/showmeyourfriends.org\/es\/","name":"Dime con qui\u00e9n andas, y te dir\u00e9 qui\u00e9n eres","description":"Show me your friends and I will show you who you are","publisher":{"@id":"https:\/\/showmeyourfriends.org\/es\/#organization"},"potentialAction":[{"@type":"SearchAction","target":{"@type":"EntryPoint","urlTemplate":"https:\/\/showmeyourfriends.org\/es\/?s={search_term_string}"},"query-input":{"@type":"PropertyValueSpecification","valueRequired":true,"valueName":"search_term_string"}}],"inLanguage":"es"},{"@type":"Organization","@id":"https:\/\/showmeyourfriends.org\/es\/#organization","name":"America's Voice","url":"https:\/\/showmeyourfriends.org\/es\/","logo":{"@type":"ImageObject","inLanguage":"es","@id":"https:\/\/showmeyourfriends.org\/es\/#\/schema\/logo\/image\/","url":"https:\/\/showmeyourfriends.org\/wp-content\/uploads\/2022\/06\/av-logo.png","contentUrl":"https:\/\/showmeyourfriends.org\/wp-content\/uploads\/2022\/06\/av-logo.png","width":3834,"height":1939,"caption":"America's Voice"},"image":{"@id":"https:\/\/showmeyourfriends.org\/es\/#\/schema\/logo\/image\/"},"sameAs":["https:\/\/www.facebook.com\/americasvoice","https:\/\/x.com\/americasvoice"]}]}},"_links":{"self":[{"href":"https:\/\/showmeyourfriends.org\/es\/wp-json\/wp\/v2\/candidate\/468","targetHints":{"allow":["GET"]}}],"collection":[{"href":"https:\/\/showmeyourfriends.org\/es\/wp-json\/wp\/v2\/candidate"}],"about":[{"href":"https:\/\/showmeyourfriends.org\/es\/wp-json\/wp\/v2\/types\/candidate"}],"wp:featuredmedia":[{"embeddable":true,"href":"https:\/\/showmeyourfriends.org\/es\/wp-json\/wp\/v2\/media\/447"}],"wp:attachment":[{"href":"https:\/\/showmeyourfriends.org\/es\/wp-json\/wp\/v2\/media?parent=468"}],"curies":[{"name":"wp","href":"https:\/\/api.w.org\/{rel}","templated":true}]}}

<p><span style="font-weight: 400;">El congresista republicano Mike García intenta mantener su escaño luego de que el distrito que representa fue redistribuido parta convertirse en el distrito 27. Pero a pesar de representar a una región diversa donde los </span><a href="https://www2.census.gov/geo/maps/cong_dist/cd118/cd_based/ST06/CD118_CA27.pdf" target="_blank" rel="noopener"><span style="font-weight: 400;">latinos representan casi el 44% de los residentes</span></a><span style="font-weight: 400;">, García ha repetido las mismas conspiraciones racistas de ‘invasión’ empleadas por los asesinos en masa que perpetraron ataques racistas en El Paso en 2019 y Buffalo en 2022. Tras ganar por primera vez una elección especial en mayo de 2020, García votó en contra de certificar la elección general de ese año a pesar del violento ataque contra el Capitolio federal el 6 de enero de 2021 y a la total falta de evidencia de fraude en esa elección presidencial. Luego votó en contra de la</span><a href="https://clerk.house.gov/Votes/202191" target="_blank" rel="noopener"><span style="font-weight: 400;"> Ley del Sueño y la Promesa</span></a><span style="font-weight: 400;"> y la </span><a href="https://clerk.house.gov/Votes/202193" target="_blank" rel="noopener"><span style="font-weight: 400;">Ley de Modernización de la Fuerza Laboral </span></a><span style="font-weight: 400;">Agrícola de 2021, que habrían colocado a los Dreamers y a los trabajadores agrícolas en ruta a la ciudadanía. En el Congreso actual, García sigue fallándole a sus electores al darle su voto a sus colegas extremistas.</span></p>

<p>El congresista republicano Mike García intenta mantener su escaño luego de que el distrito que representa fue redistribuido parta convertirse en el distrito 27. Pero a pesar de representar a una región diversa donde los latinos representan casi el 44% de los residentes, García ha repetido las mismas conspiraciones racistas de ‘invasión’ empleadas por los &hellip; </p>
<p class="link-more"><a href="https://showmeyourfriends.org/es/candidate/mike-garcia/" class="more-link">Continue reading<span class="screen-reader-text"> «Mike Garcia»</span></a></p>

<title>Mike Garcia | Dime con quién andas, y te diré quién eres</title>
<meta name="robots" content="index, follow, max-snippet:-1, max-image-preview:large, max-video-preview:-1" />
<link rel="canonical" href="https://showmeyourfriends.org/es/candidate/mike-garcia/" />
<meta property="og:locale" content="es_ES" />
<meta property="og:type" content="article" />
<meta property="og:title" content="Mike Garcia | Dime con quién andas, y te diré quién eres" />
<meta property="og:description" content="El congresista republicano Mike García intenta mantener su escaño luego de que el distrito que representa fue redistribuido parta convertirse en el distrito 27. Pero a pesar de representar a una región diversa donde los latinos representan casi el 44% de los residentes, García ha repetido las mismas conspiraciones racistas de ‘invasión’ empleadas por los &hellip; Continue reading &quot;Mike Garcia&quot;" />
<meta property="og:url" content="https://showmeyourfriends.org/es/candidate/mike-garcia/" />
<meta property="og:site_name" content="Dime con quién andas, y te diré quién eres" />
<meta property="article:publisher" content="https://www.facebook.com/americasvoice" />
<meta property="article:modified_time" content="2024-06-26T14:16:47+00:00" />
<meta property="og:image" content="https://showmeyourfriends.org/wp-content/uploads/2022/07/Mike_Garcia-scaled-e1719411403383-1200x800.jpg" />
	<meta property="og:image:width" content="1200" />
	<meta property="og:image:height" content="800" />
	<meta property="og:image:type" content="image/jpeg" />
<meta name="twitter:card" content="summary_large_image" />
<meta name="twitter:site" content="@americasvoice" />
<meta name="twitter:label1" content="Tiempo de lectura" />
	<meta name="twitter:data1" content="1 minuto" />
<script type="application/ld+json" class="yoast-schema-graph">{"@context":"https://schema.org","@graph":[{"@type":"WebPage","@id":"https://showmeyourfriends.org/es/candidate/mike-garcia/","url":"https://showmeyourfriends.org/es/candidate/mike-garcia/","name":"Mike Garcia | Dime con quién andas, y te diré quién eres","isPartOf":{"@id":"https://showmeyourfriends.org/es/#website"},"primaryImageOfPage":{"@id":"https://showmeyourfriends.org/es/candidate/mike-garcia/#primaryimage"},"image":{"@id":"https://showmeyourfriends.org/es/candidate/mike-garcia/#primaryimage"},"thumbnailUrl":"https://showmeyourfriends.org/wp-content/uploads/2022/07/Mike_Garcia-scaled-e1719411403383.jpg","datePublished":"2022-07-28T15:03:40+00:00","dateModified":"2024-06-26T14:16:47+00:00","breadcrumb":{"@id":"https://showmeyourfriends.org/es/candidate/mike-garcia/#breadcrumb"},"inLanguage":"es","potentialAction":[{"@type":"ReadAction","target":["https://showmeyourfriends.org/es/candidate/mike-garcia/"]}]},{"@type":"ImageObject","inLanguage":"es","@id":"https://showmeyourfriends.org/es/candidate/mike-garcia/#primaryimage","url":"https://showmeyourfriends.org/wp-content/uploads/2022/07/Mike_Garcia-scaled-e1719411403383.jpg","contentUrl":"https://showmeyourfriends.org/wp-content/uploads/2022/07/Mike_Garcia-scaled-e1719411403383.jpg","width":1293,"height":1293},{"@type":"BreadcrumbList","@id":"https://showmeyourfriends.org/es/candidate/mike-garcia/#breadcrumb","itemListElement":[{"@type":"ListItem","position":1,"name":"Home","item":"https://showmeyourfriends.org/es/"},{"@type":"ListItem","position":2,"name":"Mike Garcia"}]},{"@type":"WebSite","@id":"https://showmeyourfriends.org/es/#website","url":"https://showmeyourfriends.org/es/","name":"Dime con quién andas, y te diré quién eres","description":"Show me your friends and I will show you who you are","publisher":{"@id":"https://showmeyourfriends.org/es/#organization"},"potentialAction":[{"@type":"SearchAction","target":{"@type":"EntryPoint","urlTemplate":"https://showmeyourfriends.org/es/?s={search_term_string}"},"query-input":{"@type":"PropertyValueSpecification","valueRequired":true,"valueName":"search_term_string"}}],"inLanguage":"es"},{"@type":"Organization","@id":"https://showmeyourfriends.org/es/#organization","name":"America's Voice","url":"https://showmeyourfriends.org/es/","logo":{"@type":"ImageObject","inLanguage":"es","@id":"https://showmeyourfriends.org/es/#/schema/logo/image/","url":"https://showmeyourfriends.org/wp-content/uploads/2022/06/av-logo.png","contentUrl":"https://showmeyourfriends.org/wp-content/uploads/2022/06/av-logo.png","width":3834,"height":1939,"caption":"America's Voice"},"image":{"@id":"https://showmeyourfriends.org/es/#/schema/logo/image/"},"sameAs":["https://www.facebook.com/americasvoice","https://x.com/americasvoice"]}]}</script>

Mike Garcia | Dime con quién andas, y te diré quién eres

El congresista republicano Mike García intenta mantener su escaño luego de que el distrito que representa fue redistribuido parta convertirse en el distrito 27. Pero a pesar de representar a una región diversa donde los latinos representan casi el 44% de los residentes, García ha repetido las mismas conspiraciones racistas de ‘invasión’ empleadas por los &hellip; Continue reading "Mike Garcia"

Dime con quién andas, y te diré quién eres
